{"id":948,"date":"2022-09-13T15:10:41","date_gmt":"2022-09-13T18:10:41","guid":{"rendered":"https:\/\/cecanholistica.com.br\/site\/?page_id=948"},"modified":"2025-05-11T21:22:56","modified_gmt":"2025-05-12T00:22:56","slug":"terapeuta","status":"publish","type":"page","link":"https:\/\/cecanholistica.com.br\/site\/terapeuta\/","title":{"rendered":"Terapeuta"},"content":{"rendered":"\t\t<div data-elementor-type=\"wp-page\" data-elementor-id=\"948\" class=\"elementor elementor-948\">\n\t\t\t\t\t\t\t\t\t<section class=\"elementor-section elementor-top-section elementor-element elementor-element-31aaff5 elementor-section-boxed elementor-section-height-default elementor-section-height-default\" data-id=\"31aaff5\" data-element_type=\"section\">\n\t\t\t\t\t\t<div class=\"elementor-container elementor-column-gap-default\">\n\t\t\t\t\t<div class=\"elementor-column elementor-col-66 elementor-top-column elementor-element elementor-element-45415eb\" data-id=\"45415eb\" data-element_type=\"column\">\n\t\t\t<div class=\"elementor-widget-wrap elementor-element-populated\">\n\t\t\t\t\t\t\t\t<div class=\"elementor-element elementor-element-c6daa0e elementor-widget elementor-widget-heading\" data-id=\"c6daa0e\" data-element_type=\"widget\" data-widget_type=\"heading.default\">\n\t\t\t\t<div class=\"elementor-widget-container\">\n\t\t\t<style>\/*! elementor - v3.13.3 - 28-05-2023 *\/\n.elementor-heading-title{padding:0;margin:0;line-height:1}.elementor-widget-heading .elementor-heading-title[class*=elementor-size-]>a{color:inherit;font-size:inherit;line-height:inherit}.elementor-widget-heading .elementor-heading-title.elementor-size-small{font-size:15px}.elementor-widget-heading .elementor-heading-title.elementor-size-medium{font-size:19px}.elementor-widget-heading .elementor-heading-title.elementor-size-large{font-size:29px}.elementor-widget-heading .elementor-heading-title.elementor-size-xl{font-size:39px}.elementor-widget-heading .elementor-heading-title.elementor-size-xxl{font-size:59px}<\/style><h3 class=\"elementor-heading-title elementor-size-large\">Conhe\u00e7a nossa terapeuta - Tereza Luz\n<\/h3>\t\t<\/div>\n\t\t\t\t<\/div>\n\t\t\t\t<div class=\"elementor-element elementor-element-94b40eb elementor-widget elementor-widget-text-editor\" data-id=\"94b40eb\" data-element_type=\"widget\" data-widget_type=\"text-editor.default\">\n\t\t\t\t<div class=\"elementor-widget-container\">\n\t\t\t<style>\/*! elementor - v3.13.3 - 28-05-2023 *\/\n.elementor-widget-text-editor.elementor-drop-cap-view-stacked .elementor-drop-cap{background-color:#69727d;color:#fff}.elementor-widget-text-editor.elementor-drop-cap-view-framed .elementor-drop-cap{color:#69727d;border:3px solid;background-color:transparent}.elementor-widget-text-editor:not(.elementor-drop-cap-view-default) .elementor-drop-cap{margin-top:8px}.elementor-widget-text-editor:not(.elementor-drop-cap-view-default) .elementor-drop-cap-letter{width:1em;height:1em}.elementor-widget-text-editor .elementor-drop-cap{float:left;text-align:center;line-height:1;font-size:50px}.elementor-widget-text-editor .elementor-drop-cap-letter{display:inline-block}<\/style>\t\t\t\t<p>Um breve resumo da vida profissional antes de se estabelecer como Terapeuta Hol\u00edstica. Professora de L\u00edngua Portuguesa, graduou-se tamb\u00e9m em Pedagogia, P\u00f3s-Gradua\u00e7\u00e3o em Psicopedagogia e Educa\u00e7\u00e3o a Dist\u00e2ncia (EAD), Mestre em Educa\u00e7\u00e3o (FGV\/RJ) e Doutora em L\u00edngua Portuguesa (UERJ). Lecionou em todos os n\u00edveis da Educa\u00e7\u00e3o, desde o Ensino Fundamental at\u00e9 a P\u00f3s-Gradua\u00e7\u00e3o, Coordenando tr\u00eas cursos de P\u00f3s: Psicopedagogia, Did\u00e1tica do Ensino Superior e Pedagogia Empresarial. Trabalhou nas Faculdades Integradas Simonsen,&nbsp;Faculdade Candido Mendes,&nbsp;Universidade S\u00e3o Judas Tadeu e&nbsp;Faculdade Signorelli.<\/p>\n<p>H\u00e1 muito tempo interessada no autoconhecimento e em quest\u00f5es esot\u00e9ricas, iniciou seus estudos numa \u00e9poca em que n\u00e3o eram conferidos certificados aos alunos. Estudou, em diferentes momentos, o poder e o benef\u00edcio dos Cristais, Tarot e Radiestesia.<\/p>\n<p>Formou-se em Metaf\u00edsica em um curso ministrado pela sacerdotiza da Fraternidade Branca Universal de Saint Germain, com a dura\u00e7\u00e3o de 3 anos e meio de curso, tornou-se um cavaleiro da \u00c1guia das Estepes da Oitava Ordem.<\/p>\n<p>Tereza Luz, ao longo dos anos, concomitantemente com o Magist\u00e9rio de L\u00edngua Portuguesa e Pedagogia, cursou todos os N\u00edveis do Reiki, at\u00e9 o Mestrado. Outros cursos: Auriculoterapia, Cristais, Tarot Mitol\u00f3gico, Radiestesia, Programa\u00e7\u00e3o Neurolingu\u00edstica, Psicoterapia Hol\u00edstica, com Curso de Extens\u00e3o Universit\u00e1ria, Moxabust\u00e3o, Ventosoterapia, Haihua (Acupuntura sem agulhas), Barras de Access, Processos Corporais de Access. No Pranic Healing, cursou: Alcan\u00e7ando a Unidade com a Alma Superior, B\u00e1sico da Cura Pr\u00e2nica, Avan\u00e7ado da Cura Pr\u00e2nica, Psicoterapia Pr\u00e2nica, Pranic Healing com Cristais, Autodefesa Ps\u00edquica e Pr\u00e1tica, Medita\u00e7\u00e3o Universal e Cabal\u00edstica na Ora\u00e7\u00e3o do Pai Nosso, Kriyashakti e Arhatic Yoga, N\u00edvel Preparat\u00f3rio.&nbsp;<\/p>\n<p>Tereza Luz considera-se um ser em permanente constru\u00e7\u00e3o.&nbsp;<\/p>\n<p>Namast\u00ea.<br><\/p>\n<p><br><\/p>\t\t\t\t\t\t<\/div>\n\t\t\t\t<\/div>\n\t\t\t\t\t<\/div>\n\t\t<\/div>\n\t\t\t\t<div class=\"elementor-column elementor-col-33 elementor-top-column elementor-element elementor-element-3268d5b\" data-id=\"3268d5b\" data-element_type=\"column\">\n\t\t\t<div class=\"elementor-widget-wrap elementor-element-populated\">\n\t\t\t\t\t\t\t\t<div class=\"elementor-element elementor-element-3c9bb40 elementor-widget elementor-widget-image\" data-id=\"3c9bb40\" data-element_type=\"widget\" data-widget_type=\"image.default\">\n\t\t\t\t<div class=\"elementor-widget-container\">\n\t\t\t<style>\/*! elementor - v3.13.3 - 28-05-2023 *\/\n.elementor-widget-image{text-align:center}.elementor-widget-image a{display:inline-block}.elementor-widget-image a img[src$=\".svg\"]{width:48px}.elementor-widget-image img{vertical-align:middle;display:inline-block}<\/style>\t\t\t\t\t\t\t\t\t\t\t\t<img loading=\"lazy\" decoding=\"async\" width=\"435\" height=\"547\" src=\"https:\/\/cecanholistica.com.br\/site\/wp-content\/uploads\/2022\/09\/cecan.jpg\" class=\"attachment-large size-large wp-image-1157\" alt=\"\" srcset=\"https:\/\/cecanholistica.com.br\/site\/wp-content\/uploads\/2022\/09\/cecan.jpg 435w, https:\/\/cecanholistica.com.br\/site\/wp-content\/uploads\/2022\/09\/cecan-239x300.jpg 239w\" sizes=\"auto, (max-width: 435px) 100vw, 435px\" \/>\t\t\t\t\t\t\t\t\t\t\t\t\t\t\t<\/div>\n\t\t\t\t<\/div>\n\t\t\t\t\t<\/div>\n\t\t<\/div>\n\t\t\t\t\t\t\t<\/div>\n\t\t<\/section>\n\t\t\t\t\t\t\t<\/div>\n\t\t","protected":false},"excerpt":{"rendered":"<p>Conhe\u00e7a nossa terapeuta &#8211; Tereza Luz Um breve resumo da vida profissional antes de se estabelecer como Terapeuta Hol\u00edstica. Professora de L\u00edngua Portuguesa, graduou-se tamb\u00e9m em Pedagogia, P\u00f3s-Gradua\u00e7\u00e3o em Psicopedagogia e Educa\u00e7\u00e3o a Dist\u00e2ncia (EAD), Mestre em Educa\u00e7\u00e3o (FGV\/RJ) e Doutora em L\u00edngua Portuguesa (UERJ). Lecionou em todos os n\u00edveis da Educa\u00e7\u00e3o, desde o Ensino &hellip;<\/p>\n<p class=\"read-more\"> <a class=\"\" href=\"https:\/\/cecanholistica.com.br\/site\/terapeuta\/\"> <span class=\"screen-reader-text\">Terapeuta<\/span> Leia mais &raquo;<\/a><\/p>\n","protected":false},"author":1,"featured_media":0,"parent":0,"menu_order":0,"comment_status":"closed","ping_status":"closed","template":"","meta":{"site-sidebar-layout":"no-sidebar","site-content-layout":"page-builder","ast-global-header-display":"","ast-banner-title-visibility":"","ast-main-header-display":"","ast-hfb-above-header-display":"","ast-hfb-below-header-display":"","ast-hfb-mobile-header-display":"","site-post-title":"disabled","ast-breadcrumbs-content":"","ast-featured-img":"disabled","footer-sml-layout":"","theme-transparent-header-meta":"","adv-header-id-meta":"","stick-header-meta":"","header-above-stick-meta":"","header-main-stick-meta":"","header-below-stick-meta":"","footnotes":""},"class_list":["post-948","page","type-page","status-publish","hentry"],"_links":{"self":[{"href":"https:\/\/cecanholistica.com.br\/site\/wp-json\/wp\/v2\/pages\/948","targetHints":{"allow":["GET"]}}],"collection":[{"href":"https:\/\/cecanholistica.com.br\/site\/wp-json\/wp\/v2\/pages"}],"about":[{"href":"https:\/\/cecanholistica.com.br\/site\/wp-json\/wp\/v2\/types\/page"}],"author":[{"embeddable":true,"href":"https:\/\/cecanholistica.com.br\/site\/wp-json\/wp\/v2\/users\/1"}],"replies":[{"embeddable":true,"href":"https:\/\/cecanholistica.com.br\/site\/wp-json\/wp\/v2\/comments?post=948"}],"version-history":[{"count":58,"href":"https:\/\/cecanholistica.com.br\/site\/wp-json\/wp\/v2\/pages\/948\/revisions"}],"predecessor-version":[{"id":1551,"href":"https:\/\/cecanholistica.com.br\/site\/wp-json\/wp\/v2\/pages\/948\/revisions\/1551"}],"wp:attachment":[{"href":"https:\/\/cecanholistica.com.br\/site\/wp-json\/wp\/v2\/media?parent=948"}],"curies":[{"name":"wp","href":"https:\/\/api.w.org\/{rel}","templated":true}]}}

<div data-elementor-type="wp-page" data-elementor-id="948" class="elementor elementor-948">
									<section class="elementor-section elementor-top-section elementor-element elementor-element-31aaff5 elementor-section-boxed elementor-section-height-default elementor-section-height-default" data-id="31aaff5" data-element_type="section">
						<div class="elementor-container elementor-column-gap-default">
					<div class="elementor-column elementor-col-66 elementor-top-column elementor-element elementor-element-45415eb" data-id="45415eb" data-element_type="column">
			<div class="elementor-widget-wrap elementor-element-populated">
								<div class="elementor-element elementor-element-c6daa0e elementor-widget elementor-widget-heading" data-id="c6daa0e" data-element_type="widget" data-widget_type="heading.default">
				<div class="elementor-widget-container">
			<style>/*! elementor - v3.13.3 - 28-05-2023 */
.elementor-heading-title{padding:0;margin:0;line-height:1}.elementor-widget-heading .elementor-heading-title[class*=elementor-size-]>a{color:inherit;font-size:inherit;line-height:inherit}.elementor-widget-heading .elementor-heading-title.elementor-size-small{font-size:15px}.elementor-widget-heading .elementor-heading-title.elementor-size-medium{font-size:19px}.elementor-widget-heading .elementor-heading-title.elementor-size-large{font-size:29px}.elementor-widget-heading .elementor-heading-title.elementor-size-xl{font-size:39px}.elementor-widget-heading .elementor-heading-title.elementor-size-xxl{font-size:59px}</style><h3 class="elementor-heading-title elementor-size-large">Conheça nossa terapeuta - Tereza Luz
</h3>		</div>
				</div>
				<div class="elementor-element elementor-element-94b40eb elementor-widget elementor-widget-text-editor" data-id="94b40eb" data-element_type="widget" data-widget_type="text-editor.default">
				<div class="elementor-widget-container">
			<style>/*! elementor - v3.13.3 - 28-05-2023 */
.elementor-widget-text-editor.elementor-drop-cap-view-stacked .elementor-drop-cap{background-color:#69727d;color:#fff}.elementor-widget-text-editor.elementor-drop-cap-view-framed .elementor-drop-cap{color:#69727d;border:3px solid;background-color:transparent}.elementor-widget-text-editor:not(.elementor-drop-cap-view-default) .elementor-drop-cap{margin-top:8px}.elementor-widget-text-editor:not(.elementor-drop-cap-view-default) .elementor-drop-cap-letter{width:1em;height:1em}.elementor-widget-text-editor .elementor-drop-cap{float:left;text-align:center;line-height:1;font-size:50px}.elementor-widget-text-editor .elementor-drop-cap-letter{display:inline-block}</style>				<p>Um breve resumo da vida profissional antes de se estabelecer como Terapeuta Holística. Professora de Língua Portuguesa, graduou-se também em Pedagogia, Pós-Graduação em Psicopedagogia e Educação a Distância (EAD), Mestre em Educação (FGV/RJ) e Doutora em Língua Portuguesa (UERJ). Lecionou em todos os níveis da Educação, desde o Ensino Fundamental até a Pós-Graduação, Coordenando três cursos de Pós: Psicopedagogia, Didática do Ensino Superior e Pedagogia Empresarial. Trabalhou nas Faculdades Integradas Simonsen,&nbsp;Faculdade Candido Mendes,&nbsp;Universidade São Judas Tadeu e&nbsp;Faculdade Signorelli.</p>
<p>Há muito tempo interessada no autoconhecimento e em questões esotéricas, iniciou seus estudos numa época em que não eram conferidos certificados aos alunos. Estudou, em diferentes momentos, o poder e o benefício dos Cristais, Tarot e Radiestesia.</p>
<p>Formou-se em Metafísica em um curso ministrado pela sacerdotiza da Fraternidade Branca Universal de Saint Germain, com a duração de 3 anos e meio de curso, tornou-se um cavaleiro da Águia das Estepes da Oitava Ordem.</p>
<p>Tereza Luz, ao longo dos anos, concomitantemente com o Magistério de Língua Portuguesa e Pedagogia, cursou todos os Níveis do Reiki, até o Mestrado. Outros cursos: Auriculoterapia, Cristais, Tarot Mitológico, Radiestesia, Programação Neurolinguística, Psicoterapia Holística, com Curso de Extensão Universitária, Moxabustão, Ventosoterapia, Haihua (Acupuntura sem agulhas), Barras de Access, Processos Corporais de Access. No Pranic Healing, cursou: Alcançando a Unidade com a Alma Superior, Básico da Cura Prânica, Avançado da Cura Prânica, Psicoterapia Prânica, Pranic Healing com Cristais, Autodefesa Psíquica e Prática, Meditação Universal e Cabalística na Oração do Pai Nosso, Kriyashakti e Arhatic Yoga, Nível Preparatório.&nbsp;</p>
<p>Tereza Luz considera-se um ser em permanente construção.&nbsp;</p>
<p>Namastê.<br></p>
<p><br></p>						</div>
				</div>
					</div>
		</div>
				<div class="elementor-column elementor-col-33 elementor-top-column elementor-element elementor-element-3268d5b" data-id="3268d5b" data-element_type="column">
			<div class="elementor-widget-wrap elementor-element-populated">
								<div class="elementor-element elementor-element-3c9bb40 elementor-widget elementor-widget-image" data-id="3c9bb40" data-element_type="widget" data-widget_type="image.default">
				<div class="elementor-widget-container">
			<style>/*! elementor - v3.13.3 - 28-05-2023 */
.elementor-widget-image{text-align:center}.elementor-widget-image a{display:inline-block}.elementor-widget-image a img[src$=".svg"]{width:48px}.elementor-widget-image img{vertical-align:middle;display:inline-block}</style>												<img loading="lazy" decoding="async" width="435" height="547" src="https://cecanholistica.com.br/site/wp-content/uploads/2022/09/cecan.jpg" class="attachment-large size-large wp-image-1157" alt="" srcset="https://cecanholistica.com.br/site/wp-content/uploads/2022/09/cecan.jpg 435w, https://cecanholistica.com.br/site/wp-content/uploads/2022/09/cecan-239x300.jpg 239w" sizes="auto, (max-width: 435px) 100vw, 435px" />															</div>
				</div>
					</div>
		</div>
							</div>
		</section>
							</div>

<p>Conheça nossa terapeuta &#8211; Tereza Luz Um breve resumo da vida profissional antes de se estabelecer como Terapeuta Holística. Professora de Língua Portuguesa, graduou-se também em Pedagogia, Pós-Graduação em Psicopedagogia e Educação a Distância (EAD), Mestre em Educação (FGV/RJ) e Doutora em Língua Portuguesa (UERJ). Lecionou em todos os níveis da Educação, desde o Ensino &hellip;</p>
<p class="read-more"> <a class="" href="https://cecanholistica.com.br/site/terapeuta/"> <span class="screen-reader-text">Terapeuta</span> Leia mais &raquo;</a></p>
