{"id":1516,"date":"2023-03-21T17:56:18","date_gmt":"2023-03-21T20:56:18","guid":{"rendered":"https:\/\/cecanholistica.com.br\/site\/?post_type=product&#038;p=1516"},"modified":"2023-03-21T17:56:18","modified_gmt":"2023-03-21T20:56:18","slug":"cristal-de-sodalita-menor","status":"publish","type":"product","link":"https:\/\/cecanholistica.com.br\/site\/produto\/cristal-de-sodalita-menor\/","title":{"rendered":"Cristal de Sodalita Menor"},"content":{"rendered":"<p>Adicione uma dose de eleg\u00e2ncia e sofistica\u00e7\u00e3o \u00e0 sua cole\u00e7\u00e3o de cristais com este belo cristal de quartzo.<\/p>\n<p>Com seu tamanho impressionante, este exemplar ir\u00e1 encantar seus olhos e iluminar sua casa com sua energia pura e positiva. Perfeito para decora\u00e7\u00e3o ou uso em terapias energ\u00e9ticas, este cristal \u00e9 um tesouro para se ter em sua cole\u00e7\u00e3o.<\/p>\n<p>Formas de utiliza\u00e7\u00e3o<\/p>\n<div class=\"flex-1 overflow-hidden\">\n<div class=\"react-scroll-to-bottom--css-dkgpq-79elbk h-full dark:bg-gray-800\">\n<div class=\"react-scroll-to-bottom--css-dkgpq-1n7m0yu\">\n<div class=\"flex flex-col items-center text-sm dark:bg-gray-800\">\n<div class=\"group w-full text-gray-800 dark:text-gray-100 border-b border-black\/10 dark:border-gray-900\/50 bg-gray-50 dark:bg-[#444654]\">\n<div class=\"text-base gap-4 md:gap-6 md:max-w-2xl lg:max-w-2xl xl:max-w-3xl p-4 md:py-6 flex lg:px-0 m-auto\">\n<div class=\"relative flex w-[calc(100%-50px)] flex-col gap-1 md:gap-3 lg:w-[calc(100%-115px)]\">\n<div class=\"flex flex-grow flex-col gap-3\">\n<div class=\"min-h-[20px] flex flex-col items-start gap-4 whitespace-pre-wrap\">\n<div class=\"markdown prose w-full break-words dark:prose-invert light\">\n<ol>\n<li>Medita\u00e7\u00e3o: Segure o cristal em sua m\u00e3o durante a medita\u00e7\u00e3o para aumentar sua concentra\u00e7\u00e3o e trazer clareza mental.<\/li>\n<li>Terapias energ\u00e9ticas: Coloque o cristal em um ponto espec\u00edfico do corpo para ajudar a equilibrar a energia e promover a cura.<\/li>\n<li>Decora\u00e7\u00e3o: Use o cristal para decorar sua casa ou ambiente de trabalho, criando um espa\u00e7o harmonioso e cheio de energia positiva.<\/li>\n<li>Limpeza energ\u00e9tica: Coloque o cristal em um ambiente ou perto de outros objetos para ajudar a limpar e purificar a energia do local.<\/li>\n<li>Carregamento de outros cristais: Coloque o cristal de quartzo branco perto de outros cristais para ajudar a recarreg\u00e1-los e ampliar suas energias.<\/li>\n<\/ol>\n<p>Compra realizada e finalizada pelo Whatsapp.<\/p>\n<\/div>\n<\/div>\n<\/div>\n<\/div>\n<\/div>\n<\/div>\n<\/div>\n<\/div>\n<\/div>\n<\/div>\n","protected":false},"excerpt":{"rendered":"<p>Adicione uma dose de eleg\u00e2ncia e sofistica\u00e7\u00e3o \u00e0 sua cole\u00e7\u00e3o de cristais com este belo cristal de quartzo. Com seu tamanho impressionante, este exemplar ir\u00e1 encantar seus olhos e iluminar sua casa com sua energia pura e positiva. Perfeito para decora\u00e7\u00e3o ou uso em terapias energ\u00e9ticas, este cristal \u00e9 um tesouro para se ter em &hellip;<\/p>\n<p class=\"read-more\"> <a class=\"\" href=\"https:\/\/cecanholistica.com.br\/site\/produto\/cristal-de-sodalita-menor\/\"> <span class=\"screen-reader-text\">Cristal de Sodalita Menor<\/span> Leia mais &raquo;<\/a><\/p>\n","protected":false},"featured_media":1494,"comment_status":"open","ping_status":"closed","template":"","meta":{"site-sidebar-layout":"default","site-content-layout":"default","ast-global-header-display":"","ast-banner-title-visibility":"","ast-main-header-display":"","ast-hfb-above-header-display":"","ast-hfb-below-header-display":"","ast-hfb-mobile-header-display":"","site-post-title":"","ast-breadcrumbs-content":"","ast-featured-img":"","footer-sml-layout":"","theme-transparent-header-meta":"default","adv-header-id-meta":"","stick-header-meta":"","header-above-stick-meta":"","header-main-stick-meta":"","header-below-stick-meta":""},"product_cat":[23],"product_tag":[],"class_list":["post-1516","product","type-product","status-publish","has-post-thumbnail","hentry","product_cat-sem-categoria","desktop-align-left","tablet-align-left","mobile-align-left"],"_links":{"self":[{"href":"https:\/\/cecanholistica.com.br\/site\/wp-json\/wp\/v2\/product\/1516","targetHints":{"allow":["GET"]}}],"collection":[{"href":"https:\/\/cecanholistica.com.br\/site\/wp-json\/wp\/v2\/product"}],"about":[{"href":"https:\/\/cecanholistica.com.br\/site\/wp-json\/wp\/v2\/types\/product"}],"replies":[{"embeddable":true,"href":"https:\/\/cecanholistica.com.br\/site\/wp-json\/wp\/v2\/comments?post=1516"}],"wp:featuredmedia":[{"embeddable":true,"href":"https:\/\/cecanholistica.com.br\/site\/wp-json\/wp\/v2\/media\/1494"}],"wp:attachment":[{"href":"https:\/\/cecanholistica.com.br\/site\/wp-json\/wp\/v2\/media?parent=1516"}],"wp:term":[{"taxonomy":"product_cat","embeddable":true,"href":"https:\/\/cecanholistica.com.br\/site\/wp-json\/wp\/v2\/product_cat?post=1516"},{"taxonomy":"product_tag","embeddable":true,"href":"https:\/\/cecanholistica.com.br\/site\/wp-json\/wp\/v2\/product_tag?post=1516"}],"curies":[{"name":"wp","href":"https:\/\/api.w.org\/{rel}","templated":true}]}}