{"id":1532,"date":"2023-03-21T18:29:22","date_gmt":"2023-03-21T21:29:22","guid":{"rendered":"https:\/\/cecanholistica.com.br\/site\/?post_type=product&#038;p=1532"},"modified":"2023-04-19T08:21:58","modified_gmt":"2023-04-19T11:21:58","slug":"limpador-energetico-de-ambiente","status":"publish","type":"product","link":"https:\/\/cecanholistica.com.br\/site\/produto\/limpador-energetico-de-ambiente\/","title":{"rendered":"Limpador Energ\u00e9tico de Ambiente"},"content":{"rendered":"<p>O Limpador Energ\u00e9tico de Ambiente \u00e9 a escolha ideal para aqueles que desejam limpar e purificar a energia de sua casa ou local de trabalho. Feito com ingredientes naturais, como \u00f3leos essenciais de lim\u00e3o e alecrim, este limpador energ\u00e9tico \u00e9 uma op\u00e7\u00e3o segura e eficaz para remover energias negativas, limpar o ar e deixar o ambiente com uma sensa\u00e7\u00e3o de frescor. Ao usar o Limpador Energ\u00e9tico de Ambiente, voc\u00ea pode melhorar a qualidade do ar em sua casa ou local de trabalho, promovendo um ambiente mais saud\u00e1vel e equilibrado. Este produto \u00e9 f\u00e1cil de usar, basta borrifar em todo o ambiente ou diretamente em objetos, como m\u00f3veis, cortinas, tapetes e at\u00e9 mesmo na sua roupa de cama para uma noite de sono mais tranquila. Com um aroma fresco e suave, este limpador energ\u00e9tico \u00e9 uma excelente op\u00e7\u00e3o para quem procura uma solu\u00e7\u00e3o natural e eficaz para limpar a energia negativa. Aproveite agora a oportunidade de transformar sua casa em um espa\u00e7o limpo e harmonioso com o Limpador Energ\u00e9tico de Ambiente. Adquira agora o seu e comece a sentir a diferen\u00e7a em seu ambiente.<\/p>\n","protected":false},"excerpt":{"rendered":"<p>O Limpador Energ\u00e9tico de Ambiente \u00e9 a escolha ideal para aqueles que desejam limpar e purificar a energia de sua casa ou local de trabalho. Feito com ingredientes naturais, como \u00f3leos essenciais de lim\u00e3o e alecrim, este limpador energ\u00e9tico \u00e9 uma op\u00e7\u00e3o segura e eficaz para remover energias negativas, limpar o ar e deixar o &hellip;<\/p>\n<p class=\"read-more\"> <a class=\"\" href=\"https:\/\/cecanholistica.com.br\/site\/produto\/limpador-energetico-de-ambiente\/\"> <span class=\"screen-reader-text\">Limpador Energ\u00e9tico de Ambiente<\/span> Leia mais &raquo;<\/a><\/p>\n","protected":false},"featured_media":1503,"comment_status":"open","ping_status":"closed","template":"","meta":{"site-sidebar-layout":"default","site-content-layout":"default","ast-global-header-display":"","ast-banner-title-visibility":"","ast-main-header-display":"","ast-hfb-above-header-display":"","ast-hfb-below-header-display":"","ast-hfb-mobile-header-display":"","site-post-title":"","ast-breadcrumbs-content":"","ast-featured-img":"","footer-sml-layout":"","theme-transparent-header-meta":"default","adv-header-id-meta":"","stick-header-meta":"","header-above-stick-meta":"","header-main-stick-meta":"","header-below-stick-meta":""},"product_cat":[33],"product_tag":[],"class_list":["post-1532","product","type-product","status-publish","has-post-thumbnail","hentry","product_cat-acessorios","desktop-align-left","tablet-align-left","mobile-align-left"],"_links":{"self":[{"href":"https:\/\/cecanholistica.com.br\/site\/wp-json\/wp\/v2\/product\/1532","targetHints":{"allow":["GET"]}}],"collection":[{"href":"https:\/\/cecanholistica.com.br\/site\/wp-json\/wp\/v2\/product"}],"about":[{"href":"https:\/\/cecanholistica.com.br\/site\/wp-json\/wp\/v2\/types\/product"}],"replies":[{"embeddable":true,"href":"https:\/\/cecanholistica.com.br\/site\/wp-json\/wp\/v2\/comments?post=1532"}],"wp:featuredmedia":[{"embeddable":true,"href":"https:\/\/cecanholistica.com.br\/site\/wp-json\/wp\/v2\/media\/1503"}],"wp:attachment":[{"href":"https:\/\/cecanholistica.com.br\/site\/wp-json\/wp\/v2\/media?parent=1532"}],"wp:term":[{"taxonomy":"product_cat","embeddable":true,"href":"https:\/\/cecanholistica.com.br\/site\/wp-json\/wp\/v2\/product_cat?post=1532"},{"taxonomy":"product_tag","embeddable":true,"href":"https:\/\/cecanholistica.com.br\/site\/wp-json\/wp\/v2\/product_tag?post=1532"}],"curies":[{"name":"wp","href":"https:\/\/api.w.org\/{rel}","templated":true}]}}